25?
True
Does 83 divide 1256?
False
Is 83 a factor of 14750?
False
Is 11758 a multiple of 54?
False
Is 232 a factor of 65888?
True
Does 8 divide 376?
True
Is 156 a factor of 7800?
True
Is 33688 a multiple of 9?
False
Does 78 divide 3978?
True
Is 44 a factor of 2965?
False
Is 46945 a multiple of 259?
False
Is 6903 a multiple of 117?
True
Is 47 a factor of 26602?
True
Is 145 a factor of 1015?
True
Is 207 a multiple of 4?
False
Is 200 a multiple of 8?
True
Is 2178 a multiple of 33?
True
Does 125 divide 13375?
True
Is 1202 a multiple of 21?
False
Does 36 divide 4644?
True
Does 8 divide 8994?
False
Is 135 a multiple of 9?
True
Is 61 a multiple of 2?
False
Is 10 a factor of 490?
True
Is 3696 a multiple of 27?
False
Does 18 divide 4394?
False
Is 195 a factor of 11310?
True
Is 3612 a multiple of 42?
True
Is 68 a factor of 1972?
True
Does 113 divide 6633?
False
Does 78 divide 17231?
False
Does 51 divide 22338?
True
Does 12 divide 875?
False
Does 25 divide 306?
False
Is 13 a factor of 785?
False
Is 73789 a multiple of 322?
False
Is 17 a factor of 965?
False
Is 1155 a multiple of 7?
True
Is 851 a multiple of 17?
False
Is 80 a factor of 2624?
False
Is 18 a factor of 20525?
False
Does 32 divide 2156?
False
Is 11 a factor of 4211?
False
Is 28 a factor of 6006?
False
Is 44663 a multiple of 59?
True
Is 131 a factor of 655?
True
Does 34 divide 2414?
True
Is 776 a multiple of 8?
True
Is 2916 a multiple of 36?
True
Is 50 a factor of 29700?
True
Is 10 a factor of 8322?
False
Is 1584 a multiple of 44?
True
Does 36 divide 135?
False
Is 8 a factor of 6760?
True
Does 157 divide 38779?
True
Is 1583 a multiple of 18?
False
Is 17325 a multiple of 9?
True
Is 16 a factor of 3716?
False
Does 24 divide 44?
False
Is 14930 a multiple of 58?
False
Is 187 a multiple of 3?
False
Does 216 divide 29160?
True
Does 143 divide 13871?
True
Is 61 a factor of 1098?
True
Is 494 a multiple of 3?
False
Is 9086 a multiple of 33?
False
Does 10 divide 2593?
False
Is 10 a factor of 5130?
True
Is 22 a factor of 291?
False
Is 24338 a multiple of 86?
True
Is 4 a factor of 439?
False
Is 36 a factor of 39492?
True
Does 12 divide 588?
True
Is 45 even?
False
Does 12 divide 4196?
False
Is 11 a factor of 184143?
False
Is 128 a factor of 27008?
True
Is 13452 a multiple of 118?
True
Is 32033 a multiple of 103?
True
Is 13 a factor of 403?
True
Does 54 divide 421?
False
Does 12 divide 912?
True
Is 83 a factor of 1754?
False
Is 17 a factor of 6460?
True
Is 2263 a multiple of 80?
False
Is 73 a factor of 4307?
True
Is 9 a factor of 7371?
True
Is 25828 a multiple of 44?
True
Is 16 a factor of 3568?
True
Is 48 a factor of 3744?
True
Is 68 a multiple of 4?
True
Does 11 divide 1012?
True
Is 300 a factor of 8882?
False
Does 16 divide 11088?
True
Is 1261 a multiple of 5?
False
Is 10 a factor of 100253?
False
Is 19507 a multiple of 35?
False
Is 3364 a multiple of 29?
True
Does 4 divide 179?
False
Is 4301 a multiple of 187?
True
Does 53 divide 29429?
False
Does 64 divide 1152?
True
Is 578 a multiple of 17?
True
Is 820 a multiple of 20?
True
Is 75648 a multiple of 197?
True
Is 1539 a multiple of 81?
True
Is 53 a factor of 1802?
True
Is 701 a multiple of 24?
False
Is 14 a factor of 7462?
True
Is 19096 a multiple of 8?
True
Is 164 a factor of 8856?
True
Does 96 divide 6528?
True
Is 9 a factor of 231?
False
Is 240 a multiple of 6?
True
Does 31 divide 1922?
True
Does 16 divide 23?
False
Is 15 a factor of 479?
False
Is 475 a multiple of 25?
True
Is 1190 a multiple of 17?
True
Is 22 a factor of 75258?
False
Is 6 a factor of 4530?
True
Does 18 divide 5256?
True
Does 8 divide 23192?
True
Is 6993 a multiple of 17?
False
Does 4 divide 1377?
False
Is 1286 a multiple of 10?
False
Is 63 a factor of 189?
True
Is 1600 a multiple of 8?
True
Is 26 a factor of 470?
False
Is 1539 a multiple of 81?
True
Is 15 a factor of 405?
True
Does 67 divide 8211?
False
Is 104 a multiple of 26?
True
Is 21 a factor of 378?
True
Is 15 a factor of 225?
True
Is 1092 a multiple of 39?
True
Does 10 divide 32560?
True
Does 40 divide 1542?
False
Is 1701 a multiple of 178?
False
Is 1664 a multiple of 9?
False
Does 239 divide 4302?
True
Is 1409 a multiple of 23?
False
Does 10 divide 803?
False
Does 58 divide 232?
True
Is 7367 a multiple of 106?
False
Does 13 divide 4992?
True
Is 64 a factor of 2624?
True
Is 17 a factor of 2129?
False
Is 70 a factor of 700?
True
Is 70 a factor of 770?
True
Is 7 a factor of 2241?
False
Is 54 a factor of 244?
False
Does 24 divide 3735?
False
Does 68 divide 1517?
False
Is 64 a factor of 3091?
False
Is 13 a factor of 197?
False
Does 19 divide 243?
False
Does 45 divide 106292?
False
Does 116 divide 16472?
True
Does 19 divide 52643?
False
Is 8360 a multiple of 8?
True
Is 2037 a multiple of 79?
False
Is 4 a factor of 1440?
True
Does 39 divide 23283?
True
Is 41 a factor of 2665?
True
Does 19 divide 152?
True
Is 23 a factor of 37035?
False
Is 40 a factor of 762?
False
Is 404 a multiple of 10?
False
Is 2802 a multiple of 2?
True
Is 56 a factor of 406?
False
Is 35 a factor of 1015?
True
Is 6 a factor of 72?
True
Does 9 divide 6012?
True
Is 17 a factor of 3944?
True
Is 109 a multiple of 9?
False
Does 12 divide 456?
True
Is 484 a multiple of 12?
False
Is 57 a factor of 86497?
False
Is 17 a factor of 23681?
True
Is 15 a factor of 17795?
False
Does 6 divide 354?
True
Is 322 a multiple of 23?
True
Does 34 divide 2856?
True
Is 53 a factor of 27237?
False
Is 182 a multiple of 6?
False
Does 41 divide 1022?
False
Does 61 divide 352?
False
Is 23350 a multiple of 117?
False
Is 20 a factor of 2140?
True
Is 79872 a multiple of 16?
True
Does 15 divide 3390?
True
Is 19885 a multiple of 84?
False
Is 54 a factor of 1566?
True
Is 39344 a multiple of 67?
False
Is 3776 a multiple of 16?
True
Is 3 a factor of 5500?
False
Does 139 divide 69361?
True
Is 39469 a multiple of 5?
False
Is 129255 a multiple of 409?
False
Is 3528 a multiple of 42?
True
Is 168 a factor of 15025?
False
Is 4 a factor of 2464?
True
Is 22933 a multiple of 71?
True
Is 227 a factor of 33249?
False
Is 12537 a multiple of 9?
True
Is 1586 a multiple of 11?
False
Is 21255 a multiple of 78?
False
Does 23 divide 845?
False
Is 1924 a multiple of 52?
True
Does 106 divide 2438?
True
Does 13 divide 505?
False
Is 63004 a multiple of 59?
False
Is 37 a multiple of 2?
False
Is 56823 a multiple of 319?
False
Is 26 a factor of 988?
True
Does 105 divide 856?
False
Is 3381 a multiple of 19?
False
Is 8 a factor of 506?
False
Does 15 divide 45?
True
Is 22288 a multiple of 7?
True
Does 50 divide 1550?
True
Is 7 a factor of 1682?
False
Does 37 divide 703?
True
Is 5140 a multiple of 68?
False
Is 493 a multiple of 29?
True
Does 220 divide 50336?
False
Does 14 divide 5561?
False
Is 12 a factor of 2892?
True
Does 18 divide 702?
True
Is 4125 a multiple of 20?
False
Does 3 divide 20538?
True
Does 37 divide 2664?
True
Is 722 a multiple of 19?
True
Is 491 a multiple of 30?
False
Is 49 a multiple of 23?
False
Is 91 a factor of 136?
False
Is 25 a factor of 663?
False
Does 174 divide 21750?
True
Does 80 divide 3280?
True
Does 8 divide 360?
True
Is 6 a factor of 12434?
False
Is 6879 a multiple of 122?
False
Is 23 a factor of 39560?
True
Is 266 a multiple of 8?
False
Is 77 a factor of 13629?
True
Is 53 a factor of 3049?
False
Does 37 divide 6109?
False
Is 330 a multiple of 5?
True
Does 69 divide 5175?
True
Does 26 divide 23556?
True
Is 9818 a multiple of 32?
False
Does 13 divide 138?
False
Does 28 divide 3515?
False
Is 423 a multiple of 47?
True
Does 44 divide 7348?
True
Is 141 a factor of 97060?
False
Does 26 divide 3145?
False
Is 124 a factor of 51103?
False
Is 420 a multiple of 42?
True
Is 34 a factor of 102?
True
Is 73762 a multiple of 57?
False
Is 98 a factor of 10469?
False
Is 642 a multiple of 5?
False
Does 11 divide 704?
True
Is 1428 a multiple of 42?
True
Is 30 a factor of 2238?
False
Is 29 a factor of 10672?
True
Is 28 a factor of 3347?
False
Is 14935 a multiple of 22?
False
Is 22512 a multiple of 42?
True
Is 98 a factor of 1862?
True
Is 225 a multiple of 45?
True
Is 616 a multiple of 15?
False
Is 24 a factor of 9216?
True
Is 15 a factor of 2515?
False
Is 3 a factor of 661?
False
Is 86 a multiple of 8?
False
Does 93 divide 4278?
True
Is 1687 a multiple of 3?
False
Is 15 a factor of 45?
True
Does 6 divide 1988?